913444349 a prime number?
True
Is 70173266587 prime?
False
Is 229086941 a composite number?
False
Is 34216106581 prime?
True
Is 6261425147 composite?
False
Is 6619656337 composite?
True
Is 6020327 composite?
False
Is 2969327743 a prime number?
True
Is 1361103067 prime?
True
Is 15041139863 composite?
False
Is 7038973373 a prime number?
True
Is 1008211487 composite?
False
Is 3021513241 a prime number?
False
Is 6632029 composite?
True
Is 1447027091 a prime number?
True
Is 6639734501 a composite number?
False
Is 2803521101 a composite number?
True
Is 1308710509 a prime number?
True
Is 1559124109 a prime number?
True
Is 346518997 prime?
False
Is 1196946434 a prime number?
False
Is 1381656077 prime?
False
Is 8043522089 composite?
True
Is 20826996251 a prime number?
False
Is 3346365677 a composite number?
False
Is 30792813313 a composite number?
True
Is 12746953391 a composite number?
True
Is 11950096469 composite?
False
Is 2067481771 prime?
True
Is 67952063 prime?
True
Is 23843778121 prime?
False
Is 217249727 a prime number?
True
Is 11438367557 a prime number?
True
Is 156908723 a composite number?
False
Is 2016625411 a prime number?
True
Is 993379115 a prime number?
False
Is 4440491695 a prime number?
False
Is 3022901137 prime?
True
Is 1399286582 a composite number?
True
Is 36589651013 prime?
False
Is 41974119797 a composite number?
False
Is 94293555157 a prime number?
False
Is 2673424609 composite?
True
Is 1309574681 a prime number?
False
Is 23343377669 prime?
True
Is 10659883879 a composite number?
False
Is 11931277921 a prime number?
False
Is 32033087 a prime number?
True
Is 739371709 composite?
False
Is 14363111981 composite?
True
Is 4596956963 a prime number?
True
Is 591493751 composite?
False
Is 8733777751 a prime number?
True
Is 270964858849 composite?
False
Is 47191640021 prime?
False
Is 9821127289 composite?
False
Is 14682658621 a prime number?
True
Is 2640312973 composite?
True
Is 27279947399 a composite number?
True
Is 1123127959 a composite number?
False
Is 1899521709 a composite number?
True
Is 100717753 a prime number?
True
Is 50206515949 composite?
False
Is 1813405189 a composite number?
False
Is 13546616801 composite?
True
Is 47852464757 a composite number?
False
Is 346549425557 a prime number?
True
Is 959750573 a prime number?
True
Is 7642335367 composite?
False
Is 22193047 a composite number?
False
Is 8133101 prime?
True
Is 1013915761 a composite number?
True
Is 549097727 prime?
True
Is 7858197389 prime?
False
Is 408686717 a composite number?
False
Is 100935559913 a composite number?
True
Is 7622053 prime?
True
Is 62111843953 a composite number?
False
Is 1151769397 a prime number?
False
Is 24607369057 a composite number?
True
Is 16545788843 a composite number?
False
Is 110692045153 a prime number?
True
Is 44061141587 composite?
True
Is 164958749 a prime number?
False
Is 3137424965 prime?
False
Is 2468901782 a composite number?
True
Is 515404949 prime?
True
Is 6814495067 composite?
True
Is 19511208011 composite?
True
Is 1403381 a prime number?
False
Is 704102533 composite?
True
Is 3629561977 prime?
True
Is 11151874963 a composite number?
False
Is 21173298901 prime?
True
Is 2154206723 prime?
True
Is 3735817039 prime?
True
Is 45689200237 a prime number?
True
Is 163879279 a prime number?
True
Is 1099601371 composite?
True
Is 355261 a prime number?
True
Is 247292861 a composite number?
False
Is 564600437 prime?
False
Is 146497111 a composite number?
False
Is 18349913471 composite?
False
Is 12240309181 prime?
False
Is 4513969979 composite?
True
Is 321054317 a prime number?
True
Is 9893771819 a composite number?
False
Is 2760260059 a prime number?
True
Is 341933029 composite?
True
Is 9767980787 a prime number?
True
Is 2045233699 a composite number?
False
Is 63286759 prime?
True
Is 50213480539 a composite number?
False
Is 235272887 composite?
False
Is 11985935789 prime?
False
Is 7604921867 a composite number?
True
Is 841799635 prime?
False
Is 81523973 a composite number?
False
Is 32780717869 composite?
True
Is 9495708029 a composite number?
True
Is 4884003679 composite?
False
Is 7001176037 prime?
True
Is 114545754329 prime?
True
Is 38214775663 a prime number?
False
Is 207031735 prime?
False
Is 7812883037 a prime number?
False
Is 558387967 composite?
True
Is 185504261 prime?
True
Is 49509627127 a prime number?
False
Is 2370678949 prime?
True
Is 6435353 prime?
True
Is 46366796287 prime?
False
Is 1665222941 a composite number?
True
Is 3268547543 a composite number?
True
Is 59337923 a prime number?
False
Is 9759425747 a composite number?
True
Is 295109318027 a composite number?
False
Is 4348843591 a composite number?
False
Is 15897924677 composite?
False
Is 3019476457 a prime number?
True
Is 1452715347 a composite number?
True
Is 10087167323 a composite number?
False
Is 151652099311 a composite number?
True
Is 1353737449 prime?
True
Is 5047007057 composite?
False
Is 15790914103 a prime number?
False
Is 108910961851 prime?
False
Is 3930352091 a composite number?
True
Is 1221625297 composite?
False
Is 724978937 a prime number?
False
Is 6636218555 composite?
True
Is 12250582919 a prime number?
True
Is 61497009113 prime?
True
Is 2177081839 prime?
True
Is 1338858947 a prime number?
False
Is 2305585933 composite?
True
Is 31264368659 prime?
True
Is 1597591997 a composite number?
False
Is 58908144853 a composite number?
True
Is 3833231639 a composite number?
False
Is 184482509 a prime number?
False
Is 6237898717 prime?
True
Is 1436394907 composite?
True
Is 4118865431 prime?
True
Is 196041370747 composite?
False
Is 463132907 prime?
True
Is 5569076141 a prime number?
False
Is 10525398067 a composite number?
False
Is 64254874703 composite?
False
Is 2229748159 prime?
True
Is 62318977 prime?
False
Is 10836618503 a prime number?
True
Is 4411817017 prime?
True
Is 2900929393 composite?
False
Is 6874039 a prime number?
True
Is 26761103777 composite?
False
Is 543771769 a prime number?
False
Is 3231722801 composite?
True
Is 55591945289 prime?
False
Is 1771448099 a prime number?
True
Is 32719840801 a composite number?
False
Is 59751442477 a prime number?
False
Is 52372289 a prime number?
False
Is 78251814169 a composite number?
False
Is 7387363171 a prime number?
True
Is 856855333 a composite number?
True
Is 32219528569 composite?
False
Is 43881921839 composite?
True
Is 18168101657 composite?
False
Is 90778719098 prime?
False
Is 111705073699 prime?
False
Is 4187674619 a prime number?
True
Is 312587263 prime?
False
Is 726580739 composite?
False
Is 244125955 a prime number?
False
Is 1031738827 a prime number?
False
Is 284143549 composite?
False
Is 4412939291 prime?
True
Is 136603967 composite?
False
Is 175499411 composite?
True
Is 91552321 composite?
True
Is 30363334571 composite?
False
Is 3791152243 prime?
True
Is 1544621567 prime?
True
Is 1349758727 a prime number?
False
Is 1472629099 a composite number?
True
Is 13100929777 a prime number?
False
Is 28553061853 a composite number?
False
Is 45031813 prime?
True
Is 18088747939 prime?
True
Is 1502665973 prime?
True
Is 1542585259 prime?
True
Is 4138822757 a prime number?
True
Is 1063874621 prime?
True
Is 51175425143 a composite number?
False
Is 59428604057 a composite number?
False
Is 36932663255 composite?
True
Is 471451363 prime?
True
Is 143836171 prime?
True
Is 26062513167 a composite number?
True
Is 47505781091 composite?
False
Is 34983571663 composite?
True
Is 4083197947 composite?
False
Is 5804683631 a prime number?
True
Is 2618516267 a prime number?
True
Is 6716655133 prime?
False
Is 347468587 a composite number?
True
Is 7736332073 a prime number?
True
Is 2663112506 composite?
True
Is 710585437 prime?
False
Is 3389929951 a composite number?
False
Is 5399139607 a composite number?
False
Is 573290083 prime?
True
Is 495018787 a prime number?
False
Is 1605200893 a composite number?
True
Is 519691655177 a prime number?
False
Is 3389644397 composite?
False
Is 34587881071 a composite number?
True
Is 21388723033 composite?
True
Is 8465986069 a composite number?
False
Is 5286449309 prime?
True
Is 172432993 a prime number?
True
Is 5922751007 composite?
True
Is 2762851393 a composite number?
True
Is 9074123027 composite?
False
Is 765053467 a prime number?
True
Is 82530059734 composite?
True
Is 636063749 a composite n